e the remainder when 1266247 is divided by 1548.
1531
Calculate the remainder when 341578 is divided by 1371.
199
Calculate the remainder when 895479 is divided by 223869.
3
Calculate the remainder when 107478 is divided by 107467.
11
What is the remainder when 4628905 is divided by 50?
5
Calculate the remainder when 4139956 is divided by 134.
26
Calculate the remainder when 898141821 is divided by 544.
541
What is the remainder when 209506167 is divided by 7744?
7735
Calculate the remainder when 2458743 is divided by 963.
204
What is the remainder when 786701 is divided by 22475?
76
Calculate the remainder when 1059741 is divided by 96.
93
Calculate the remainder when 6143962 is divided by 2516.
2406
What is the remainder when 276592 is divided by 138290?
12
What is the remainder when 200562785 is divided by 7?
3
Calculate the remainder when 82865 is divided by 894.
617
Calculate the remainder when 165037 is divided by 14955.
532
Calculate the remainder when 508171 is divided by 83.
45
Calculate the remainder when 3674663 is divided by 1224869.
56
What is the remainder when 4904 is divided by 1623?
35
What is the remainder when 10916949 is divided by 55?
54
What is the remainder when 87910 is divided by 1254?
130
What is the remainder when 12095461 is divided by 554?
533
Calculate the remainder when 814998 is divided by 53962.
5568
Calculate the remainder when 55894 is divided by 2528.
278
Calculate the remainder when 18970 is divided by 43.
7
What is the remainder when 122453 is divided by 628?
621
What is the remainder when 11971921 is divided by 2326?
2325
Calculate the remainder when 760656 is divided by 19.
10
What is the remainder when 146054 is divided by 14282?
3234
Calculate the remainder when 16921656 is divided by 178.
86
What is the remainder when 6493 is divided by 62?
45
What is the remainder when 120676 is divided by 4641?
10
Calculate the remainder when 11334 is divided by 8009.
3325
Calculate the remainder when 9089181 is divided by 2272295.
1
Calculate the remainder when 13344975 is divided by 101870.
5
Calculate the remainder when 55433 is divided by 1587.
1475
What is the remainder when 193820 is divided by 96?
92
Calculate the remainder when 44972310 is divided by 61.
60
What is the remainder when 166070 is divided by 2680?
2590
Calculate the remainder when 1102651 is divided by 61253.
97
What is the remainder when 592341 is divided by 1614?
3
Calculate the remainder when 425349 is divided by 691.
384
Calculate the remainder when 238542 is divided by 118491.
1560
Calculate the remainder when 68920 is divided by 32032.
4856
Calculate the remainder when 1252164 is divided by 596.
564
What is the remainder when 40182 is divided by 38201?
1981
What is the remainder when 818650 is divided by 90958?
28
What is the remainder when 465792 is divided by 58220?
32
What is the remainder when 29798699 is divided by 29798676?
23
What is the remainder when 1175318 is divided by 2165?
1888
Calculate the remainder when 35473 is divided by 313.
104
Calculate the remainder when 2044894 is divided by 292127.
5
What is the remainder when 946347 is divided by 52540?
627
Calculate the remainder when 3605902 is divided by 448.
398
What is the remainder when 1838831 is divided by 54075?
281
What is the remainder when 3229719 is divided by 520?
519
What is the remainder when 35383202 is divided by 734?
732
Calculate the remainder when 3893412 is divided by 2414.
2044
Calculate the remainder when 315439 is divided by 2445.
34
Calculate the remainder when 245123320 is divided by 11631.
11626
What is the remainder when 2691034 is divided by 108?
106
Calculate the remainder when 1692322 is divided by 282051.
16
Calculate the remainder when 49012528 is divided by 714.
712
What is the remainder when 159170 is divided by 1733?
1467
Calculate the remainder when 16508074 is divided by 164.
162
What is the remainder when 18605174 is divided by 6950?
24
What is the remainder when 4275050 is divided by 85501?
0
Calculate the remainder when 958513 is divided by 270.
13
Calculate the remainder when 14351807 is divided by 10.
7
What is the remainder when 24979 is divided by 103?
53
Calculate the remainder when 35822 is divided by 894.
62
What is the remainder when 43135 is divided by 2376?
367
What is the remainder when 131594398 is divided by 600?
598
Calculate the remainder when 532934 is divided by 2896.
70
Calculate the remainder when 7092070 is divided by 239.
223
Calculate the remainder when 163998277 is divided by 9646957.
8
Calculate the remainder when 126943871 is divided by 3435.
11
What is the remainder when 13010086 is divided by 14?
12
Calculate the remainder when 83028420 is divided by 6.
0
What is the remainder when 10307567 is divided by 69?
2
What is the remainder when 13633148 is divided by 430?
428
Calculate the remainder when 162158 is divided by 345.
8
Calculate the remainder when 102901 is divided by 683.
451
Calculate the remainder when 11547 is divided by 958.
51
What is the remainder when 800132 is divided by 88887?
149
Calculate the remainder when 161754 is divided by 53836.
246
What is the remainder when 1072587 is divided by 809?
662
Calculate the remainder when 2564496 is divided by 125.
121
What is the remainder when 12088556 is divided by 936?
116
What is the remainder when 1102227 is divided by 331?
328
What is the remainder when 256921 is divided by 42797?
139
What is the remainder when 664867 is divided by 166209?
31
What is the remainder when 843939 is divided by 63?
54
Calculate the remainder when 1019037 is divided by 3692.
45
What is the remainder when 639486 is divided by 322?
316
Calculate the remainder when 78238 is divided by 25601.
1435
Calculate the remainder when 1178364 is divided by 31.
23
Calculate the remainder when 4153734 is divided by 69.
3
Calculate the remainder when 114047 is divided by 28185.
1307
Calculate the remainder when 73806407 is divided by 653154.
5
Calculate the remainder when 75538 is divided by 790.
488
Calculate the remainder when 16879431 is divided by 383623.
19
Calculate the remainder when 10368261 is divided by 484.
13
What is the remainder when 6023924 is divided by 108?
8
Calculate the remainder when 183618 is divided by 5592.
4674
Calculate the remainder when 9451 is divided by 9421.
30
What is the remainder when 4041745 is divided by 23495?
605
Calculate the remainder when 3603396 is divided by 838.
834
What is the remainder when 921132 is divided by 4848?
12
What is the remainder when 7973468 is divided by 1993367?
0
What is the remainder when 130234 is divided by 14025?
4009
What is the remainder when 1837527 is divided by 67?
52
Calculate the remainder when 194757 is divided by 96323.
2111
Calculate the remainder when 51151 is divided by 1240.
311
Calculate the remainder when 107158 is divided by 4368.
2326
What is the remainder when 1446043 is divided by 516?
211
Calculate the remainder when 886583 is divided by 1840.
1543
What is the remainder when 1123730 is divided by 1254?
146
What is the remainder when 5752470 is divided by 13729?
19
What is the remainder when 731188 is divided by 1027?
991
Calculate the remainder when 712469934 is divided by 38.
30
What is the remainder when 139749 is divided by 122?
59
What is the remainder when 19317654 is divided by 62?
4
What is the remainder when 4023785 is divided by 41?
4
Calculate the remainder when 11466661 is divided by 38222.
61
Calculate the remainder when 504251 is divided by 618.
581
What is the remainder when 30922 is divided by 10275?
97
What is the remainder when 43437671 is divided by 992?
967
Calculate the remainder when 160810911 is divided by 249.
237
What is the remainder when 1866621 is divided by 116639?
397
Calculate the remainder when 1013254 is divided by 84258.
2158
Calculate the remainder when 57617 is divided by 3923.
2695
What is the remainder when 1993005 is divided by 1089?
135
Calculate the remainder when 24427 is divided by 23666.
761
What is the remainder when 80233 is divided by 13371?
7
What is the remainder when 126862 is divided by 215?
12
What is the remainder when 384509 is divided by 45?
29
What is the remainder when 21509504 is divided by 7?
2
What is the remainder when 99317705 is divided by 14